 - 17. Let g = n - -5. Is (68/10)/(1/g) a multiple of 24?
False
Let x(w) = w + 2. Let d be x(1). Suppose 3*s = 6, 0 = 2*y - 0*y - d*s - 318. Is 34 a factor of y?
False
Let z = 9 - 55. Let y = -30 - z. Is 3 a factor of y?
False
Let w(q) = 2*q**2 + 38*q - 57. Is 25 a factor of w(-27)?
True
Suppose 2*h + 2044 = 9*h. Is 13 a factor of h?
False
Let s(h) = -18*h - 25. Let d be s(-16). Suppose d = 2*v + 13. Does 25 divide v?
True
Suppose 7*q - 448 = 3*q. Let l = q - -35. Is 34 a factor of l?
False
Let p be (-24)/2*((-1)/(-2) - -1). Let m(q) = -3*q - 22. Is m(p) a multiple of 11?
False
Suppose 0*u = 2*u. Suppose 3*g + c + 110 = 340, 4*g + 5*c - 314 = u. Does 19 divide g?
True
Let m(d) = 15*d + 25*d - 50*d - 11 + 3. Is 31 a factor of m(-7)?
True
Let a be 90 - ((-10)/5 - 2). Let g = a - 43. Does 14 divide g?
False
Does 35 divide 418 - (-3 + 3/3)?
True
Suppose 5*g + 23 = -17. Let s(k) = k**3 - 6 + 0*k**3 + 13 + 8*k - 6*k**2 + 15*k**2. Is s(g) a multiple of 6?
False
Let j(p) = -185*p - 124. Does 24 divide j(-4)?
False
Let p = 116 + -68. Suppose 7*j = 5*j + p. Does 8 divide j?
True
Suppose x + 4*g - 3 + 0 = 0, 3*x = 2*g + 23. Suppose x*r - 93 - 75 = 0. Is r a multiple of 21?
False
Suppose 169*s - 25550 = 155*s. Does 25 divide s?
True
Let h(a) = 4*a**3 + 25*a**2 + 4*a + 15. Is 4 a factor of h(-6)?
False
Let a(r) = -r**2 + 4*r - 4. Let b be a(4). Let d be b + 1/(-4)*0. Let s(u) = -2*u**3 - 4*u**2 - u + 4. Is s(d) a multiple of 12?
True
Is 1/(-3) - (27599/(-33) - 11) a multiple of 3?
False
Suppose -k = -5*h + k + 17, 0 = -2*h - 4*k + 2. Suppose a - 5*b = 25, h*b - 33 = -4*a + 90. Is a a multiple of 15?
True
Suppose 4*k - 406 = 2*k - 2*r, 206 = k + 4*r. Does 24 divide k?
False
Suppose -2*n = -4*g + 4778, -2*g + 3583 = g - n. Does 10 divide (-2)/(-4) + g/12?
True
Does 6 divide (-240)/24*-6*(-42)/(-15)?
True
Let u be 2/(-4) - 66/(-12). Let s = 6 - u. Is s/((-3)/(30/(-2))) a multiple of 3?
False
Suppose -2*j = -3*q - 3*j + 1103, 0 = 2*j + 8. Does 9 divide q?
True
Let t(n) = -n**3 + 25*n**2 + 63*n + 7. Is t(27) a multiple of 10?
True
Suppose -7*j = -2*j + 130. Let v = -16 - j. Is 21 a factor of -1*5/(v/(-68))?
False
Is (6/10 - (-31668)/(-630))*-15 a multiple of 12?
False
Suppose -2*m - 8*q + 202 = -3*q, 4*q = m - 88. Is 12 a factor of m?
True
Suppose -10*x + 110 = -11*x. Is 1/(-1) - (x - -1) a multiple of 19?
False
Suppose 32*i + 9290 = 42*i. Does 48 divide i?
False
Let g(b) = -7*b + 11. Let k(n) = -n + 1. Let y(p) = 5*g(p) - 30*k(p). Does 25 divide y(-10)?
True
Suppose 17*f - 10*f - 21 = 0. Is 48 a factor of (3156/16)/(f/4)?
False
Let c = -66 - -75. Is 10 a factor of c/45 - (-549)/5?
True
Suppose 54 + 10 = 8*g. Is 33 a factor of (-652)/(-6) - g/12?
False
Let n(j) = j**3 + 10*j**2 - 7*j - 6. Let v be 6/(-8) + 74/(-8). Does 12 divide n(v)?
False
Is (-9 + -11)/(2/(-11)) a multiple of 10?
True
Suppose -24 + 1608 = 6*m. Is m a multiple of 81?
False
Let l(c) = 2*c + 1. Let b be l(-2). Let u(a) = -3*a**3 + a**2 + a - 2. Let v be u(b). Does 18 divide 3 - (0 - v) - 1?
False
Let s(h) = 84*h - 441. Is s(6) a multiple of 63?
True
Let a = -495 + 549. Is 18 a factor of a?
True
Let b(s) = -s**2 + 39*s + 52. Is 7 a factor of b(16)?
True
Suppose 0 = u - 8 - 2. Does 5 divide u?
True
Suppose 140 + 3821 = 4*f + d, -2*d + 3962 = 4*f. Is 18 a factor of f?
True
Let o(g) = -6*g - 1. Let f be o(-2). Let v(t) = -8*t + t**2 + 0*t**2 + 0*t. Is v(f) a multiple of 11?
True
Let q be ((-6522)/(-7) - -3) + (-16)/(-56). Suppose 0 = 2*u - 4*b - 179 - 195, 5*u - 4*b - q = 0. Is u a multiple of 17?
True
Let j = 771 - 709. Is 10 a factor of j?
False
Suppose 4*q + 3*v = 48, 5*q - 4*v + 3*v - 41 = 0. Let c be (q/18)/((-1)/(-6)). Suppose -3*u = -c*n + 63, 2*n - 6*u = -3*u + 40. Does 3 divide n?
False
Suppose o - f = 18, 2*o + 3*f + 6 = 27. Let r = -10 + o. Suppose r*w - a = a + 310, 271 = 4*w + 3*a. Is w a multiple of 17?
False
Let h(o) = -o**2 + 4*o + 2. Suppose 8*q - 4*q = 16. Let k be h(q). Suppose k*f = 7*f - 85. Does 17 divide f?
True
Suppose 3*r + 0*r + 3 = 0. Let b(y) = 4*y + 2. Let t be b(r). Is (52 - 4/t)/2 a multiple of 9?
True
Suppose y + 7 = 3. Is (-2)/7 + (2256/(-14))/y a multiple of 5?
True
Suppose 4*s = -c - 4, 0 - 12 = 4*s. Suppose -4*x + 53 = 5*m, -2*m + 3*x + 2*x + c = 0. Does 6 divide m?
False
Let q be -2*(4 - 3) + 6. Let m be (-2)/q*6 + 26. Suppose -3*k - o = -6*k + m, -33 = -5*k + 3*o. Does 9 divide k?
True
Let i be (4/4*4)/((-2)/(-44)). Let k = -37 + i. Is k a multiple of 24?
False
Suppose 3*v + 32 = i, 0 = 4*i + 3*v - 36 - 92. Let w = -23 + i. Let l(m) = m**3 - 9*m**2 + 8. Is l(w) a multiple of 7?
False
Suppose 0*g + 2*g + 8 = 3*k, g - 35 = -5*k. Let p(j) = k*j - 25*j**2 + 12*j**2 + 14*j**2 + 3. Is p(-7) a multiple of 5?
True
Is 344/(-516)*(-797 - 0 - 1) a multiple of 14?
True
Let u = 67 + -127. Let f be 10 + -7 - (0 + u). Let x = f + -39. Does 8 divide x?
True
Suppose -w + 5 = -0*w. Suppose w*u = -582 + 12. Let d = u + 180. Is d a multiple of 22?
True
Let q(f) = f**3 + 13*f**2 - 2*f - 16. Is q(-10) a multiple of 35?
False
Suppose 6*c - 3*k - 1885 = 2*c, -5*c + 2356 = -4*k. Is c a multiple of 118?
True
Let r = 452 - 76. Is r a multiple of 47?
True
Suppose r - 3*d + 6 = 0, -8 = -2*r - 2*r + 4*d. Suppose 10*g - 28 = r*g. Suppose 0 = -g*o + 2*o + 115. Is o a multiple of 6?
False
Let f(b) = b**3 + 7*b**2 + 6. Suppose 30 = -q - 4*q. Is f(q) a multiple of 6?
True
Suppose 5*y + 13*v - 15*v = 6270, 2*y = v + 2508. Is y a multiple of 57?
True
Suppose 0*j - 16 = -4*j - 4*q, -3*q + 5 = 2*j. Let m(f) = -f**2 - 32*f + 71. Let k be m(-34). Suppose c - 5*v = 32, 3*v = -k*c + j*v + 63. Is 7 a factor of c?
False
Let j(k) = 4*k**3 - 4*k**2 + 8*k - 9. Let v be j(-6). Is 44 a factor of v/(-12) + 15/(-20)?
True
Let p(m) = 0 + 2*m - 7*m**2 + 0 + 2 + 6*m**2 - 99*m**3. Is 11 a factor of p(-1)?
False
Let t = 15 + -13. Suppose s + 5*a - 10 = -t*s, -5*s = 2*a - 4. Suppose s*h - m - 9 = -2*h, 0 = -4*h - 4*m + 48. Is 2 a factor of h?
False
Let v be (0 + -7)*(-540)/(-126). Let j = v - -35. Is (-1 + j)*(-24)/(-4) a multiple of 17?
False
Let j be 68/238 - (-1930)/7. Suppose 11*n - j = 9*n. Is n a multiple of 39?
False
Let k(x) = -x**2 - 15*x + 6. Let c be k(-13). Suppose 5 = -g + c. Is g a multiple of 9?
True
Let c = 897 + -551. Does 73 divide c?
False
Let x = 864 - 826. Is 19 a factor of x?
True
Let v = 3 + -5. Is 19 a factor of v*9/((-27)/114)?
True
Let h(d) = 4*d + 1. Let w be h(1). Let f(y) = -15*y - 34. Let x(b) = 5*b + 12. Let p(v) = -6*f(v) - 17*x(v). Does 15 divide p(w)?
False
Let h be 2*(38 - -3) - 8/4. Suppose 5*j = -0 + 10. Suppose 2*y + j*y - h = 0. Is 17 a factor of y?
False
Let p = -109 - -112. Suppose 860 - 59 = p*d. Is d a multiple of 56?
False
Suppose 5*j = -3*h + 180, 4*j - 15 = -j. Does 5 divide h?
True
Let j(k) = 3*k**2 + 2*k. Suppose 0 = -27*s + 26*s + 2. Let b be j(s). Is (12/(-16))/((-6)/b) a multiple of 2?
True
Is (-6)/2 - -5 - (3 - 141) a multiple of 70?
True
Let a = 20 + -20. Suppose a = -3*j - 12, 4*t - 47 = t - 4*j. Does 13 divide t?
False
Suppose -14*p + 10*p = 0. Suppose -3*j = -4*j - 2*l + 88, -5*j - 4*l + 410 = p. Does 8 divide j?
False
Let y(v) = -v + 7. Let x be y(5). Suppose 10 = x*m + 4*a, -4*m + 26 = -5*a - 7. Suppose 25 = g - 5*l, -4*l = -g + 14 + m. Is g a multiple of 4?
False
Suppose 4*i + 2*v - 109 = 7*v, -106 = -4*i + 2*v. Let a = 46 - i. Is a a multiple of 5?
True
Let j = -7 - -11. Suppose 4*k + c - 58 - 99 = 0, 2*k - j*c - 56 = 0. Is 10 a factor of k?
False
Let s = -30 - -30. Suppose s*u = -2*u + 160. Is u a multiple of 10?
True
Suppose -5 = -2*m - 1. Suppose -4*r - m = -14. Is r even?
False
Suppose 5*z + 1868 = l, -z = -11*l + 15*l - 7388. Is 11 a factor of l?
True
Suppose 3*t + 5*d - 81 = 0, -d - 21 + 114 = 3*t. Is 8 a factor of t?
True
Let k = 1674 - 1160. Is 18 a factor of k?
False
Let m(f) = -5*f**3 - f**2 - 2*f - 1. Let i be m(-1). Suppose 3*y - 230 = -2*y - i*a, -5*a - 25 = 0. Suppose 2*p - 25 = y. Does 11 divide p?
False
Suppose -3 + 12 = 3*x. Suppose -2*y + 0 = 5*w + x, -2*w - 3*y + 1 = 0. Is (-8)/w - (-28)/(-14) a multiple of 6?
True
Let c = -2086 - -3052. Does 7 divide c?
True
Let z(n) be the first derivative of -n**2/2 - 2*n - 22. Suppose p + 2 = -8. Is 8 a factor of z(p)?
True
Let v(p) = -p - 16. Let a be v(-21). Is 39 a factor of -2 + 0/a - -197?
Tru